ommon factor of 58370 and 130?
130
What is the greatest common factor of 340 and 68?
68
Calculate the highest common divisor of 52 and 74.
2
What is the greatest common factor of 19 and 21356?
19
Calculate the greatest common divisor of 372 and 31.
31
What is the greatest common divisor of 549 and 387?
9
Calculate the greatest common factor of 93 and 124.
31
What is the highest common factor of 590 and 245?
5
Calculate the highest common factor of 28322 and 196.
98
Calculate the highest common factor of 4 and 202.
2
Calculate the highest common divisor of 215 and 20.
5
Calculate the greatest common factor of 64 and 160.
32
What is the highest common factor of 7736 and 8?
8
Calculate the highest common divisor of 637 and 245.
49
What is the highest common factor of 62 and 8?
2
What is the highest common divisor of 27 and 477?
9
Calculate the greatest common divisor of 44 and 1694.
22
What is the greatest common factor of 784 and 16?
16
Calculate the highest common divisor of 7 and 1092.
7
Calculate the highest common factor of 37104 and 48.
48
Calculate the highest common divisor of 26 and 494.
26
What is the greatest common factor of 423 and 9?
9
Calculate the greatest common factor of 8514 and 132.
66
Calculate the greatest common factor of 170 and 390.
10
Calculate the highest common divisor of 414 and 92.
46
What is the greatest common factor of 3854 and 94?
94
What is the highest common factor of 30 and 90?
30
What is the greatest common divisor of 1248 and 5850?
78
Calculate the highest common factor of 979 and 99.
11
What is the highest common factor of 14042 and 42?
14
Calculate the greatest common divisor of 475 and 200.
25
Calculate the highest common factor of 16 and 3088.
16
What is the greatest common divisor of 15 and 435?
15
What is the greatest common divisor of 102 and 8245?
17
Calculate the greatest common factor of 8 and 19.
1
Calculate the greatest common divisor of 14 and 154.
14
What is the highest common factor of 40 and 60?
20
What is the greatest common divisor of 32 and 84?
4
What is the greatest common factor of 35 and 49?
7
What is the highest common factor of 1273 and 19?
19
What is the highest common factor of 1782 and 66?
66
Calculate the highest common divisor of 391 and 46.
23
Calculate the greatest common divisor of 137 and 3.
1
What is the highest common factor of 6 and 159?
3
What is the greatest common divisor of 1311 and 19?
19
What is the highest common divisor of 688 and 32?
16
Calculate the greatest common factor of 728 and 56.
56
What is the highest common divisor of 646 and 68?
34
What is the highest common factor of 8 and 20?
4
Calculate the greatest common divisor of 336 and 728.
56
What is the highest common factor of 81 and 45?
9
Calculate the highest common factor of 690 and 18.
6
What is the highest common factor of 9130 and 88?
22
Calculate the greatest common divisor of 11 and 10780.
11
Calculate the highest common divisor of 351 and 216.
27
Calculate the highest common factor of 494 and 38.
38
Calculate the greatest common factor of 6682 and 26.
26
Calculate the greatest common divisor of 16 and 104.
8
What is the greatest common factor of 1003 and 17?
17
Calculate the greatest common divisor of 104 and 128.
8
Calculate the highest common factor of 2271 and 3.
3
What is the highest common factor of 2 and 26?
2
What is the greatest common factor of 327 and 3161?
109
Calculate the greatest common divisor of 19 and 7752.
19
Calculate the highest common factor of 2535 and 390.
195
What is the greatest common factor of 13 and 312?
13
Calculate the greatest common divisor of 44 and 66.
22
Calculate the highest common factor of 30 and 60.
30
What is the highest common divisor of 28 and 448?
28
Calculate the greatest common divisor of 20 and 1646.
2
What is the greatest common factor of 1519 and 341?
31
Calculate the greatest common divisor of 208 and 6734.
26
What is the highest common divisor of 113 and 565?
113
Calculate the highest common factor of 21 and 3171.
21
Calculate the greatest common divisor of 352 and 104.
8
Calculate the highest common factor of 135 and 18.
9
What is the highest common factor of 154 and 70?
14
Calculate the highest common factor of 36 and 12132.
36
Calculate the highest common factor of 6378 and 6.
6
Calculate the greatest common factor of 128 and 32.
32
What is the highest common divisor of 4 and 9?
1
What is the highest common divisor of 16 and 516?
4
Calculate the greatest common factor of 150 and 2490.
30
Calculate the highest common divisor of 999 and 555.
111
Calculate the highest common divisor of 2479 and 536.
67
Calculate the greatest common factor of 342 and 36.
18
Calculate the highest common factor of 7 and 133.
7
What is the greatest common factor of 335 and 603?
67
Calculate the greatest common divisor of 592 and 37.
37
What is the highest common divisor of 4298 and 14?
14
Calculate the greatest common factor of 51 and 255.
51
What is the highest common divisor of 20253 and 645?
129
What is the greatest common factor of 60732 and 126?
126
What is the greatest common divisor of 935 and 11?
11
What is the highest common divisor of 721 and 63?
7
What is the greatest common factor of 1098 and 54?
18
Calculate the greatest common divisor of 3 and 489.
3
What is the greatest common divisor of 1216 and 228?
76
What is the greatest common factor of 65 and 2171?
13
Calculate the highest common factor of 56 and 424.
8
Calculate the greatest common factor of 88 and 29172.
44
What is the greatest common divisor of 8 and 61592?
8
What is the greatest common divisor of 154 and 11?
11
Calculate the greatest common factor of 679 and 1067.
97
What is the highest common divisor of 196 and 14?
14
Calculate the highest common factor of 15 and 6.
3
What is the highest common divisor of 46 and 22402?
46
Calculate the highest common divisor of 20 and 3080.
20
What is the highest common divisor of 2040 and 40?
40
What is the greatest common factor of 93 and 34131?
93
What is the highest common factor of 174 and 116?
58
What is the greatest common factor of 8 and 224?
8
What is the highest common factor of 9 and 144?
9
Calculate the greatest common divisor of 77 and 21791.
77
Calculate the highest common factor of 250 and 280.
10
Calculate the greatest common divisor of 3 and 141.
3
What is the highest common factor of 194 and 8?
2
Calculate the highest common factor of 59330 and 170.
170
What is the greatest common factor of 1536 and 96?
96
What is the greatest common divisor of 13755 and 35?
35
What is the highest common divisor of 176 and 208?
16
What is the greatest common divisor of 20 and 100?
20
Calculate the greatest common divisor of 1391 and 91.
13
Calculate the highest common factor of 350 and 245.
35
What is the highest common divisor of 132 and 60?
12
Calculate the greatest common divisor of 37 and 4514.
37
What is the greatest common divisor of 52 and 404?
4
What is the greatest common factor of 960 and 45?
15
What is the greatest common divisor of 24 and 16?
8
What is the highest common factor of 2587 and 117?
13
Calculate the highest common divisor of 22 and 1958.
22
Calculate the highest common divisor of 36 and 684.
36
Calculate the highest common divisor of 175 and 105.
35
What is the highest common divisor of 6 and 297?
3
Calculate the highest common factor of 100 and 500.
100
What is the greatest common factor of 201 and 536?
67
Calculate the greatest common factor of 15 and 305.
5
Calculate the greatest common factor of 7 and 15757.
7
Calculate the highest common divisor of 92 and 12604.
92
What is the greatest common divisor of 61 and 2257?
61
What is the highest common factor of 12 and 150?
6
What is the greatest common divisor of 40 and 13340?
20
What is the greatest common factor of 19 and 1?
1
What is the highest common factor of 1088 and 128?
64
What is the greatest common factor of 285 and 1520?
95
Calculate the highest common divisor of 1215 and 675.
135
Calculate the greatest common factor of 143 and 1651.
13
What is the greatest common factor of 1173 and 69?
69
What is the highest common divisor of 3419 and 13?
13
What is the highest common divisor of 55512 and 257?
257
What is the highest common divisor of 54 and 24?
6
Calculate the greatest 